en p is divided by 8?
6
Let g(s) = s**2 + 17. Suppose 7*w - 3 = 3*w - z, 2*z = 2*w + 6. What is the remainder when g(w) is divided by 9?
8
Let f(r) = r**3 + 6*r**2 - 4*r - 6. Suppose 10*l + 0 - 150 = 0. What is the remainder when f(-4) is divided by l?
12
Suppose 5*v - 4 - 6 = 0. Suppose -2*r - 104 = -v*t - 6*r, t + 4*r - 54 = 0. Calculate the remainder when t is divided by 17.
16
Suppose -p + 3*t + 30 = 0, -4*p + p - 2*t + 101 = 0. Calculate the remainder when 197 is divided by p.
32
Suppose 34 = 5*f - 21. Let p = -45 + 91. Suppose 0 = -3*a + 12, 4*y - p = 4*a + 18. What is the remainder when y is divided by f?
9
Let i be 9 - (-2)/(-4)*4. Calculate the remainder when (9 - 0)*i/3 is divided by 6.
3
Suppose -5*c + x + 12 = 0, 2*x = -c + 3*x. Suppose 3*q = 2*q + 15. Suppose -50 = -4*b + c*v - 5*v, 2*b + 3*v = q. What is the remainder when b is divided by 8?
7
Calculate the remainder when (40 + 9/(-3))*2 is divided by 11.
8
Let x(h) = -h**2 + h + 16. Let s = 1 + -1. Calculate the remainder when x(s) is divided by 6.
4
Suppose -3*y - 3*a + 2*a = -34, 0 = 2*y + 3*a - 18. Let x = y - 2. Calculate the remainder when 7 is divided by (-1)/3 + x/3.
1
Suppose u + 2*g - 14 = -3, -u + 5*g - 17 = 0. Suppose 2*w - 4*w + 4 = u*b, -3*b + 28 = 5*w. What is the remainder when w is divided by 13/4 - (-1)/(-4)?
2
Suppose -3*s + 0 = 21. Let m(h) = -2*h - 2. What is the remainder when 47 is divided by m(s)?
11
Suppose 0 = 3*m - 4*q - 65, 3*m - 72 = 10*q - 13*q. What is the remainder when 111 is divided by m?
19
Suppose 3*q + 3 = 4*q. Suppose p - q + 0 = 0. Calculate the remainder when 8 - 2/(-1 - -2) is divided by p.
0
Suppose 2*f - 4 + 2 = 0. Suppose -n = n. Suppose -2*d - d + 3 = n. Calculate the remainder when d is divided by f.
0
Suppose -5*q - 126 = -251. What is the remainder when 58 is divided by q?
8
Calculate the remainder when 1/(-1*2)*(-11 - 51) is divided by 16.
15
Let f(i) = -i + 15. Let n be f(12). Suppose c = 2*s + 4, n*c - 20 = -2*c + 4*s. Suppose 0 = -c*y + 71 + 41. Calculate the remainder when y is divided by 10.
8
Suppose -17 = -5*d - 2*l, 5*d + 3*l + 5 = 23. Calculate the remainder when 6 is divided by d.
0
Calculate the remainder when -1*(-3)/((-9)/(-39)) is divided by 7.
6
What is the remainder when (13*6/(-24))/(2/(-16)) is divided by 9?
8
Suppose 2*b + l = -b - 17, 3*l = 2*b - 7. Let f = 7 + b. Suppose f*h - 3 - 9 = 0. Calculate the remainder when h is divided by 2.
0
Let f(w) = 14*w - 15. Calculate the remainder when f(11) is divided by 35.
34
Let o(h) = -h**3 - 5*h**2 + 7*h + 2. Let a be o(-7). Suppose 0*k + k = 8. Calculate the remainder when k is divided by a/9 + 4/(-6).
3
Let y = -37 - -41. What is the remainder when 37 is divided by y?
1
Let o(k) = 6*k**2 + k. Let i = 1 + 0. Calculate the remainder when o(1) is divided by (i + -2)/((-2)/4).
1
Let a(t) = -11 - 14*t + 6*t + 11*t. Calculate the remainder when a(12) is divided by 9.
7
Suppose z - 3 = 2. Calculate the remainder when z is divided by 2.
1
Let s(j) = 2*j**3 - 3*j**2 - j - 9. Calculate the remainder when 27 is divided by s(3).
12
Suppose 4*r + 4*r = 120. Calculate the remainder when 74 is divided by r.
14
Suppose z + 4*p - 20 = 0, -p = 4*z + p - 24. Suppose z*l + 62 = 4*w + 2*l, -39 = -3*w - l. Let x = 18 - -23. What is the remainder when x is divided by w?
13
Suppose 5*o = 4*v - 33, 2*o = -5*v + 49 - 16. Suppose v = -2*x + 3*x. Suppose m - h + 5 = 2*m, h + x = 3*m. What is the remainder when 8 is divided by m?
2
Let c = -6 - -18. Let g be (c/9)/((-2)/(-72)). Suppose -5*b = -7 - g. Calculate the remainder when 20 is divided by b.
9
Let m(s) = -s**2 - s + 84. Let n be m(0). Suppose 0 = 4*k + 4*i - 132, n + 109 = 5*k - 2*i. What is the remainder when k is divided by 13?
11
Suppose -6*o + o = -20. Calculate the remainder when 6 is divided by o.
2
Calculate the remainder when 79 is divided by (-1)/(550/(-2070) + 2/9).
10
Suppose -q + 56 = 5*x - 19, q + 45 = 3*x. Calculate the remainder when 58 is divided by x.
13
Suppose -6*r + 10 = -r. Suppose -60 = -r*j + 4. Let g = -61 - -78. Calculate the remainder when j is divided by g.
15
Calculate the remainder when (-692)/(-20) - (-6)/15 is divided by 13.
9
Let v be 282/30 - (-2)/(-5). Calculate the remainder when (v/2)/(6/8) is divided by 4.
2
Let v(o) be the first derivative of o**4/4 - 2*o**3 - 9*o**2/2 + 8*o - 1. Let r be v(7). Let z = r + 8. Calculate the remainder when z is divided by 2.
0
Suppose -59 = -5*h + d + 167, -4*h = 2*d - 178. Suppose 2*r + 3*x - 28 = 7*r, -5*x = 20. Let u = r + 20. Calculate the remainder when h is divided by u.
9
Let q(c) = -c**2 + 7*c - 5. Let w be q(6). Let t be (-1)/(w/2) - -6. Suppose -30 - 14 = -t*b. What is the remainder when 31 is divided by b?
9
Suppose -5*r + 182 = -3*r. What is the remainder when r is divided by 24?
19
Let a(v) = -63*v - 15. Calculate the remainder when a(-1) is divided by 10.
8
Let y(j) be the second derivative of j**3/6 - j. Let o be y(5). Suppose n + 92 = o*n. What is the remainder when n is divided by 8?
7
Suppose -s + 128 = 2*m + 4*s, -349 = -5*m + 2*s. What is the remainder when m is divided by 24?
21
Let h(r) = 6*r**2 + 2*r - 2. Let o be (2/(-6))/(4/24). What is the remainder when 52 is divided by h(o)?
16
Let x(y) = y**2 + y + 1. Let o = -3 - -1. Let i = 18 - 11. What is the remainder when i is divided by x(o)?
1
Let j be -3 + 1 + 3 + 25. Suppose 4*k = -3*v + j + 12, -110 = -5*v + 5*k. What is the remainder when 70 is divided by v?
16
Let v(s) = -7*s + 5 - 19 + 5*s. Suppose -15 - 150 = -5*b. Calculate the remainder when b is divided by v(-13).
9
Suppose -3*z = 3, -3*f + 277 = -z - 126. Calculate the remainder when f is divided by 34.
32
Let t(f) = 7*f**2 - 9*f + 18. Let p(b) = 6*b**2 - 10*b + 17. Let m(v) = -6*p(v) + 5*t(v). Calculate the remainder when m(10) is divided by (-9 - 1)/(-4 + 3).
8
Suppose 4*i - 17 - 15 = 0. Calculate the remainder when 29 is divided by i.
5
Suppose -i - i = -72. Suppose 5*g = -5*a + 29 + i, -5*a - 10 = 0. Calculate the remainder when 27 is divided by g.
12
Let a(n) = -2*n - 3. Let j be a(-3). Suppose -2*p = -j*p + 3. Calculate the remainder when 8 is divided by p.
2
Let n(z) = z**2 - 9*z + 6. Let t be n(6). Let w(r) = 2*r**2 - r - 4. What is the remainder when w(3) is divided by ((-16)/t)/(2/9)?
5
Let z be (2 + 1)/3 + -4. Let k = 4 - z. Let r = -9 - -22. Calculate the remainder when r is divided by k.
6
What is the remainder when ((-134)/4)/1*-2 is divided by 17?
16
Let t(i) = -i**3 - 5*i**2 + 6*i + 7. Let n = -15 + 11. What is the remainder when t(-6) is divided by (-14)/n + 4/(-8)?
1
Let k = 48 + -26. Let d = -7 - -11. Suppose r + d*r = 60. What is the remainder when k is divided by r?
10
Let f be (2 + -3)/((-3)/9). Suppose -2*t = 2*x - 16, -f*t + 20 = x - 10. Calculate the remainder when t is divided by 6.
5
Suppose 5*d = b + 346, -4*d + 362 = d + 3*b. Calculate the remainder when d is divided by 18.
16
Let q(x) = -2*x**3 - 6*x**2 - 5*x - 3. What is the remainder when q(-4) is divided by (612/(-90))/((-6)/15)?
15
Let a(v) = 2*v + 2. Let o be a(-2). Let h be (-3 + 2)/(o/4). Suppose u = -w - 2*u - 5, 5*u + 12 = h*w. Calculate the remainder when 1 is divided by w.
0
Suppose -4*q = 2*n - 14, 0 = 4*n - 0*n - q - 28. Let d(u) = 3 - 4 - 25*u + 6*u. Calculate the remainder when d(-1) is divided by n.
4
Suppose 3*c + 2*c = 130. Suppose 0 = g - 5*g + 144. Suppose l - 2*o - g = -3*l, 4*l = 3*o + 36. Calculate the remainder when c is divided by l.
8
Let w = 2 - -4. Suppose 0 = w*d - d. What is the remainder when 19 is divided by d + -1 - (0 - 8)?
5
Let y(n) = -n**3 + n**2 - n + 7. Calculate the remainder when y(0) is divided by 7.
0
Suppose 0 = -6*x + 4*x + 24. What is the remainder when 56 is divided by x?
8
Let z(w) = -7*w + 2. Let t(l) = l**2 + 8*l + 5. Let u be t(-7). Calculate the remainder when 45 is divided by z(u).
13
Suppose -2*f - 544 = -10*f. What is the remainder when f is divided by 35?
33
Suppose 3*y - 6*y + 42 = 3*h, 4*y - h = 56. Suppose 5*b - 3*u - 183 = 0, -2*u + 3*u + 35 = b. What is the remainder when b is divided by y?
11
Suppose -b = -36 + 9. Suppose b = v + 2*v. What is the remainder when 26 is divided by v?
8
Let t(q) = -5 + 4 + 0*q - 2*q + 4*q**2. Let d be t(-2). Let x = d + -4. Calculate the remainder when 29 is divided 